st common factor of 112341231 and 175371?
3579
Calculate the highest common divisor of 232 and 236751476.
116
What is the greatest common factor of 129200 and 1199850?
950
Calculate the greatest common divisor of 1351 and 242670673.
1351
Calculate the greatest common factor of 947460 and 60.
60
Calculate the highest common divisor of 7014 and 241584.
42
Calculate the greatest common divisor of 3110 and 327313505.
1555
Calculate the highest common divisor of 156800 and 109440128.
6272
What is the highest common divisor of 8645 and 24477425?
35
What is the highest common divisor of 141 and 19090131?
141
Calculate the highest common factor of 72094 and 270522.
226
Calculate the highest common factor of 17025 and 12900.
75
Calculate the greatest common divisor of 2770 and 12150605.
1385
What is the highest common divisor of 4664145 and 973?
139
What is the greatest common factor of 27 and 1153629?
27
What is the greatest common factor of 43 and 1723731?
1
Calculate the greatest common divisor of 2092 and 18816494.
1046
Calculate the highest common divisor of 943 and 334681073.
943
What is the greatest common factor of 11738615 and 140?
35
What is the highest common divisor of 14796 and 8461668?
1644
Calculate the greatest common divisor of 133660377 and 603.
603
Calculate the highest common factor of 1656119 and 13.
1
What is the greatest common divisor of 119892 and 3075992?
412
Calculate the highest common divisor of 234771475 and 719.
719
Calculate the highest common divisor of 19452430 and 30.
10
Calculate the highest common factor of 9840 and 507180.
60
What is the highest common factor of 29628 and 239268321?
7407
Calculate the highest common factor of 2334 and 10011304.
778
What is the greatest common divisor of 636 and 62058972?
636
What is the greatest common factor of 62818 and 929450?
1282
Calculate the highest common divisor of 266 and 1565950246.
266
Calculate the greatest common divisor of 13285095 and 390.
15
Calculate the highest common factor of 29874 and 1080378.
78
What is the greatest common factor of 2877 and 1140699?
21
What is the greatest common factor of 3434587 and 338?
169
Calculate the greatest common factor of 332984 and 5057.
389
Calculate the greatest common factor of 107179 and 37715.
19
What is the highest common factor of 40 and 61484984?
8
What is the highest common divisor of 274 and 87084461?
137
Calculate the greatest common divisor of 119 and 75089.
119
Calculate the greatest common factor of 1353352 and 33968.
88
Calculate the greatest common divisor of 2349 and 96939.
9
Calculate the greatest common divisor of 7638 and 12103684.
2546
Calculate the highest common divisor of 17242 and 166759.
37
Calculate the greatest common factor of 155641 and 2144.
67
What is the greatest common divisor of 3261076 and 1922?
62
Calculate the greatest common divisor of 97522770 and 75.
15
What is the highest common factor of 102576354 and 7188?
3594
Calculate the greatest common divisor of 34111670 and 230.
10
Calculate the highest common divisor of 54150 and 21390.
30
Calculate the highest common divisor of 1980 and 8321445.
495
What is the highest common divisor of 99977265 and 35550?
3555
Calculate the greatest common divisor of 91 and 942539.
13
What is the highest common factor of 12035077 and 15256?
1907
Calculate the highest common divisor of 2790 and 965650.
310
What is the highest common factor of 156485335 and 18903?
6301
What is the greatest common divisor of 116 and 336183051?
29
What is the highest common divisor of 1541082 and 13408?
838
What is the highest common factor of 2119300 and 3300?
100
Calculate the highest common divisor of 433654 and 720954.
338
What is the highest common divisor of 834678 and 492?
246
Calculate the highest common factor of 266 and 1162672.
14
What is the greatest common divisor of 241340347 and 2397?
799
What is the greatest common divisor of 1248 and 35280768?
96
What is the highest common divisor of 658 and 47706974?
658
What is the greatest common factor of 622 and 156573883?
311
Calculate the highest common factor of 267106264 and 376.
376
Calculate the highest common factor of 60494 and 2895368.
2086
Calculate the greatest common factor of 3 and 940767.
3
Calculate the highest common divisor of 88 and 37923024.
8
Calculate the greatest common divisor of 393 and 11575506.
3
What is the greatest common factor of 209 and 16799442?
11
Calculate the greatest common divisor of 75663 and 1724247.
63
What is the highest common divisor of 14770782 and 108?
54
What is the greatest common factor of 410 and 13598921?
41
What is the greatest common divisor of 6485 and 13167144?
1297
Calculate the highest common divisor of 68 and 6539713.
17
What is the greatest common factor of 28919 and 2057?
121
Calculate the greatest common divisor of 56025 and 142345.
415
What is the greatest common factor of 135 and 130810230?
45
Calculate the highest common divisor of 318441 and 412728.
1779
Calculate the highest common divisor of 1084456 and 165272.
2264
Calculate the highest common divisor of 38971833 and 978.
489
Calculate the greatest common factor of 1316 and 96645724.
1316
What is the greatest common divisor of 247524696 and 9?
9
What is the highest common factor of 147976 and 1242440?
2792
Calculate the greatest common factor of 361925015 and 190.
95
Calculate the greatest common factor of 134385823 and 11726.
5863
Calculate the highest common factor of 365064 and 13161.
123
What is the greatest common divisor of 18749562 and 520?
26
What is the greatest common divisor of 19553792 and 9774?
362
Calculate the highest common divisor of 9762754 and 1812.
302
Calculate the greatest common divisor of 166750 and 60670320.
6670
Calculate the greatest common factor of 22 and 680012.
2
Calculate the highest common factor of 128 and 1277340.
4
What is the greatest common divisor of 656 and 11154132?
164
Calculate the highest common factor of 1452 and 203733750.
726
What is the highest common factor of 59251837 and 219?
73
Calculate the greatest common divisor of 4046751 and 9027.
531
Calculate the greatest common divisor of 20888259 and 147.
147
What is the highest common divisor of 531 and 67669224?
177
Calculate the highest common divisor of 109614 and 10230.
6
Calculate the highest common divisor of 551874 and 108946.
1786
Calculate the highest common divisor of 241 and 2125909441.
241
What is the highest common factor of 56790 and 3747690?
90
What is the highest common factor of 50 and 1081296350?
50
What is the highest common divisor of 4 and 23043236?
4
Calculate the greatest common divisor of 255410775 and 225.
225
What is the highest common divisor of 13752 and 50077?
1
Calculate the greatest common factor of 35303 and 874534.
43
Calculate the greatest common divisor of 9976 and 3918248.
232
What is the greatest common factor of 12059677 and 13769?
1967
What is the greatest common divisor of 367458 and 74754148?
9422
What is the greatest common factor of 56 and 123746?
14
What is the greatest common factor of 285850 and 2800?
50
What is the highest common divisor of 187 and 335495?
17
What is the highest common divisor of 1365 and 18059055?
105
Calculate the greatest common factor of 126759 and 1410.
141
What is the greatest common divisor of 3126552 and 1248?
312
What is the highest common divisor of 597578 and 24382?
146
What is the highest common factor of 23842667 and 3953?
59
What is the highest common factor of 142941939 and 23448?
2931
What is the greatest common factor of 406 and 550333?
203
What is the greatest common factor of 35711205 and 5535?
615
Calculate the highest common factor of 8373061 and 64753.
4981
What is the greatest common factor of 9361 and 5912863?
253
Calculate the highest common factor of 1691120383 and 129.
43
What is the highest common factor of 293105357 and 6124?
1531
What is the greatest common divisor of 194350 and 19274?
46
What is the greatest common factor of 1249 and 2817117002?
1249
What is the highest common factor of 535952 and 480643?
779
What is the greatest common divisor of 12123 and 15533155?
449
What is the highest common divisor of 4104 and 31873536?
72
What is the highest common factor of 664 and 155783032?
664
Calculate the highest common 